ommon factor of s and 76?
19
Let q(z) = 4*z**2 + 2*z. Let w be q(4). Suppose -4*a - 23 = -3*c - 4, 0 = 2*c - 2*a - 14. What is the greatest common factor of w and c?
9
Let y(h) = 6*h**2 - 5*h - 3. Let i be y(-5). Let w = 302 - i. Suppose -50 = -2*s + 2*p, 5*s + 0*p - 133 = -3*p. What is the highest common divisor of s and w?
26
Let g = 1015 - 957. What is the highest common divisor of g and 406?
58
Let n = 38 - 32. Suppose 5*a = n*a - 8. Let h(i) = -i**2 + 13*i + 4. Let g be h(a). What is the highest common factor of 11 and g?
11
Let c(u) = -u**2 + 10*u + 24. Let z be c(12). Suppose 3*l - l - 84 = 2*b, -5*l + b + 222 = z. What is the highest common divisor of l and 18?
9
Suppose -2*p = -m + 21, 0 - 2 = -2*m - 4*p. What is the highest common factor of m and 10?
1
Let k(n) = -n**2 - 35*n + 53. Let w be k(-36). Calculate the greatest common divisor of w and 1.
1
Let o(i) = -i**3 + 22*i**2 - 7*i - 27. Let v be o(21). Suppose -5*d + 1267 = 412. Let f = v - d. Calculate the greatest common factor of 32 and f.
32
Suppose 4*l - 2*l = 12. Let o be l/((-12)/(-4)) - 2. Suppose 5*j = 3*f + 44, -2*j = -o*f - f - 18. Calculate the highest common divisor of j and 90.
10
Suppose 45 = 4*a + 5. Suppose 8*g - 3*g = a. Suppose 0 = x - g - 8. Calculate the greatest common factor of 10 and x.
10
Let g(y) be the second derivative of -y**5/10 - 5*y**4/6 - 2*y**3 - 5*y**2 + y + 4. Let i be g(-5). What is the greatest common divisor of 50 and i?
50
Suppose 1452 = -8*x + 2*x. Let z = 418 + x. Calculate the greatest common divisor of 22 and z.
22
Let y = 3 + -6. Let t be (-1 + y/(-2))*220. Suppose -2*h + 17 = -5*o, 0*o - 24 = -2*h - 2*o. What is the highest common factor of t and h?
11
Suppose -554 = -5*p + 1346. Calculate the greatest common factor of 20 and p.
20
Let f(n) = 4*n**2 + 13*n + 20. Let x be f(-5). Suppose -v + 6*v = 25. Calculate the greatest common factor of x and v.
5
Let m(g) be the first derivative of -11*g**2/2 + 9*g - 1. Let q be m(-6). Calculate the greatest common factor of q and 15.
15
Suppose 488 = 77*o - 73*o. Suppose -2*b = -0*b - 4*w - o, 5*w + 256 = 4*b. Let i be 640/14 - (-2)/7. What is the greatest common divisor of i and b?
23
Let q = 67 - 23. Suppose -5*u = -5*y - q - 16, -2*u = -5*y - 33. What is the greatest common factor of 2 and u?
1
Let c = 836 + -827. What is the highest common factor of 12 and c?
3
Let f(g) = -8*g. Let u(h) = h + 1. Let j(a) = f(a) - u(a). Let x be j(-1). What is the highest common divisor of x and 56?
8
Let s(p) = -p**3 + 10*p**2 - 11*p + 6. Let c be s(9). Let y = 8 + c. Let u be 5/y*4*-8. Calculate the greatest common factor of 8 and u.
8
Let d = 294 + -272. Calculate the highest common factor of d and 99.
11
Let a(d) = -29*d + 195. Let h be a(3). What is the greatest common factor of h and 4?
4
Let b be 2500/28 - -2*2/(-14). Suppose -43 - b = -3*p. Calculate the highest common divisor of 4 and p.
4
Suppose 0 = 4*a + 4, -y - 2*y - 7 = -2*a. Let h(g) = -6*g + 22. Let r be h(y). What is the greatest common factor of r and 8?
8
Let c be (42/7)/((-2)/(-19)). Let h(w) = -46*w - 5. Let i be h(4). Let x be i/(-5) - (-1)/5. Calculate the greatest common factor of c and x.
19
Let w be 134/3 - 1/(-3). Let f = -62 + 71. What is the greatest common divisor of f and w?
9
Suppose -3*y + 6*y - 26 = 5*g, 90 = 5*y + g. Suppose 21*c - y*c = 88. Calculate the greatest common factor of c and 33.
11
Suppose 59*v - 3*b = 62*v - 21, 0 = -5*b - 25. What is the highest common divisor of v and 84?
12
Suppose -2*i + i + 319 = 0. Let x = -68 - -97. What is the highest common divisor of x and i?
29
Let s be (-33)/(0 + -3) + 1. Suppose 16*o = s*o + 28. Calculate the greatest common factor of o and 7.
7
Let d = 27 + -21. Suppose -z - 5*a = -d*z - 70, -5*z = -a + 74. Let y be (4/5)/((-6)/z). What is the highest common factor of 2 and y?
2
Let h = 74 + -74. Suppose h = 17*v - 21*v + 8. Calculate the greatest common factor of 14 and v.
2
Suppose 0 = -5*y - 15, -y = 4*z - 0*y - 253. Suppose -3*w + w = -z. What is the highest common factor of 48 and w?
16
Suppose -133*n + 144 = -124*n. What is the highest common divisor of 1512 and n?
8
Suppose 0 = 3*x - x - 8. Suppose t - x*c = 113, -t = -c + 42 - 164. What is the greatest common factor of t and 25?
25
Let p = 194 - 184. What is the greatest common factor of 160 and p?
10
Suppose 31*q - 34*q = -162. Calculate the highest common factor of 189 and q.
27
Suppose 0 = 3*k - 8*k + 20. Suppose -2*o - 3*o - 20 = 0, 3*v - k*o = 25. Let l be (1/v)/((-11)/(-198)). What is the greatest common divisor of 48 and l?
6
Let p(g) = 30*g**2 + g + 2. Let j be p(2). What is the greatest common divisor of j and 31?
31
Suppose 0 = 2*t - 2*f - 46, -5*t - 3*f - 44 = -7*t. Calculate the greatest common divisor of t and 25.
25
Let f(j) be the first derivative of -63*j**2/2 + 5*j - 22. Let m be f(-5). Calculate the highest common divisor of m and 32.
32
Suppose -6*q + 161 = -2*q - w, 3*q + 3*w = 132. Let k = q - 36. Let h be 37 - (0 - (-2)/1). Calculate the highest common divisor of k and h.
5
Let i = 226 - 191. What is the greatest common divisor of 10 and i?
5
Let l(r) = -r**2 - r + 1. Let x(s) = 10*s**3 - s**2 - 5*s + 2. Let g(n) = -2*l(n) + x(n). Let v be g(2). Calculate the highest common factor of v and 195.
39
Let n = 0 + 3. Suppose n*v - 13 = -1. Let g be ((-4)/(-2))/(v/42). Calculate the greatest common factor of g and 105.
21
Let f(l) = l**3 - l**2 - 5*l + 7. Let n be f(3). Suppose 14*o = 12*o + n. Calculate the greatest common factor of 1 and o.
1
Suppose -2*m + 5 = 3*g, 0*m = 2*g + 3*m - 10. Let c be ((-1)/3)/(g/36). What is the highest common factor of c and 132?
12
Let c be (1 + -3)*(-37)/(629/5780). Calculate the greatest common divisor of c and 102.
34
Let n(a) = 2*a**2 + 159*a + 290. Let t be n(-78). Calculate the highest common divisor of 14 and t.
14
Let i be 6/21 - 164/(-14). Let h = -8 - 83. Let y = h + 127. What is the highest common factor of i and y?
12
Let o = -786 + 791. Calculate the greatest common divisor of o and 65.
5
Let t(h) be the first derivative of 1 + 5/2*h**2 + 7*h. Let u be t(3). Calculate the greatest common divisor of 66 and u.
22
Let f(c) = -119*c - 12. Let z be f(-3). Let n be z/21 - -4 - 6/14. What is the highest common divisor of 50 and n?
10
Let q be (2 + 8*4/(-8))*-6. Let w = 234 + -138. What is the greatest common factor of q and w?
12
Let d = -47 + 54. Suppose d*c - 459 = -67. Calculate the greatest common factor of 7 and c.
7
Let b = 108 - 206. Let k = 163 + b. Calculate the greatest common factor of k and 13.
13
Suppose -140 = -5*v - 0*v. Let y be (3 - (-196)/(-16))*-4. Suppose 5*a - 41 + 2 = -2*q, -q = 5*a - y. Calculate the highest common divisor of v and a.
7
Let r = -157 + 223. What is the highest common divisor of 55 and r?
11
Let d be 448/70 - (-2)/(-5). Let o(a) = 4*a**2 - 12*a + 12. Let z be o(d). Calculate the greatest common divisor of z and 56.
28
Let l = -4 - -19. Suppose -10*m + 7*m = 0. Suppose m = -f + 2*f - 15. What is the highest common divisor of l and f?
15
Let r = -329 + 347. What is the greatest common divisor of r and 18?
18
Suppose -47*w = -496 + 120. Calculate the highest common divisor of 34 and w.
2
Let i(q) = -13*q + 266. Let x be i(12). Calculate the greatest common divisor of x and 80.
10
Suppose 5*n + 3 = -12. Let o be 13/2 + 1/(-2). Let d be n/o + 51/2. Calculate the highest common factor of d and 5.
5
Let h = 7 - 106. Let o(x) = 2*x + 1. Let b be o(4). Let c be 1168/b - 22/h. Calculate the highest common divisor of 26 and c.
26
Let n(q) = -11*q**3 - 13*q**2 - 15. Let i be n(-4). What is the greatest common factor of 37 and i?
37
Suppose 3*m - 2*a - 98 = 0, 10*m - 5*m + a - 185 = 0. Calculate the greatest common factor of 24 and m.
12
Suppose 3*v - 2*z - 235 = 0, -4*v + z + 177 + 143 = 0. Let x be (33 + -3)*(-12)/(-20). What is the greatest common factor of v and x?
9
Let s = -13234 + 13254. Suppose 3*l - 12 = 0, 3*l = 4*j - 0*j. Suppose j*z - 9 = -3. Calculate the highest common factor of z and s.
2
Let k(m) = 3*m**2 - m - 70. Let z be k(-12). Calculate the greatest common divisor of z and 102.
34
Let h = -683 + 761. Calculate the greatest common divisor of 42 and h.
6
Suppose -15 = 2*h + 5. Let i be (-2*1)/((-1)/(-4)). Let t be h/(-4)*i/(